 is the greatest common divisor of 176056 and 88?
8
What is the highest common divisor of 804824370 and 2380?
1190
What is the greatest common divisor of 1496 and 610544?
88
Calculate the highest common divisor of 5907314 and 6026.
262
What is the greatest common divisor of 162604 and 228566?
1534
Calculate the highest common divisor of 105689208 and 8904.
1272
What is the greatest common factor of 177703 and 4579599?
2141
Calculate the highest common divisor of 6423813 and 7568.
473
What is the highest common divisor of 9468222 and 228?
6
Calculate the highest common divisor of 11986113 and 83.
83
What is the greatest common factor of 10180866 and 510?
6
What is the highest common factor of 5725 and 31075?
25
Calculate the greatest common divisor of 593715520 and 320.
320
Calculate the highest common factor of 54012 and 144180.
12
Calculate the highest common factor of 750 and 5066625.
375
Calculate the highest common divisor of 24 and 511545102.
6
What is the greatest common divisor of 142246626 and 6?
6
What is the greatest common divisor of 4842 and 77077377?
2421
What is the greatest common factor of 100 and 7829300?
100
Calculate the greatest common divisor of 14396039 and 161.
7
Calculate the greatest common divisor of 508 and 52034.
2
What is the greatest common divisor of 4670 and 1542820?
10
Calculate the highest common factor of 708 and 14246612.
236
Calculate the highest common factor of 1124490 and 9.
3
What is the greatest common divisor of 105 and 1132565?
35
Calculate the highest common divisor of 32648 and 155396.
212
What is the highest common factor of 5 and 2087705?
5
What is the highest common divisor of 21823359 and 2439?
813
Calculate the greatest common factor of 207 and 19377339.
69
Calculate the highest common factor of 12 and 16632492.
12
Calculate the highest common factor of 5322709 and 322.
7
What is the highest common divisor of 563 and 317?
1
Calculate the greatest common divisor of 5211920 and 6965.
35
Calculate the greatest common divisor of 56384712 and 1020.
12
Calculate the highest common divisor of 7 and 735107625.
7
What is the highest common factor of 4023 and 57564?
27
What is the greatest common divisor of 270 and 345762?
54
What is the highest common factor of 36380185 and 31840?
995
What is the greatest common factor of 600866 and 127421?
1169
What is the highest common factor of 6 and 1405841?
1
Calculate the greatest common divisor of 1525946347 and 269.
269
What is the greatest common factor of 798 and 14387541?
399
Calculate the highest common factor of 18803593 and 20848.
1303
Calculate the highest common divisor of 137556 and 113742.
18
What is the greatest common factor of 25350 and 10198500?
1950
What is the highest common divisor of 25868 and 1668932?
892
Calculate the greatest common factor of 64675 and 150856925.
4975
What is the greatest common factor of 65072 and 4980556?
196
What is the highest common factor of 3042 and 66638?
26
Calculate the greatest common divisor of 1815 and 3620199.
363
What is the highest common factor of 10010 and 231946?
286
What is the greatest common factor of 119825 and 1423521?
4793
Calculate the greatest common divisor of 90880 and 29465.
355
What is the highest common factor of 304824968 and 56?
56
What is the greatest common divisor of 37264 and 2220496?
2192
Calculate the greatest common factor of 107083 and 185147.
17
What is the greatest common factor of 1460 and 16800950?
730
Calculate the highest common divisor of 165341239 and 49.
49
What is the highest common divisor of 124108054 and 668?
334
Calculate the greatest common factor of 61557 and 223097052.
3621
Calculate the greatest common factor of 109732 and 42938.
14
What is the highest common divisor of 2457292 and 3874141?
3551
What is the greatest common divisor of 786404 and 837846?
178
Calculate the highest common factor of 14133 and 260169.
21
Calculate the greatest common factor of 121354415 and 3045.
1015
Calculate the greatest common factor of 221338 and 1898.
26
Calculate the highest common divisor of 10399180 and 180.
20
Calculate the highest common factor of 27599 and 100385090.
2509
Calculate the greatest common divisor of 1350477 and 99.
9
Calculate the highest common factor of 497 and 9890939.
71
What is the greatest common divisor of 2253 and 17347349?
751
Calculate the highest common divisor of 128161 and 38434.
11
What is the greatest common divisor of 2661803288 and 27472?
13736
Calculate the greatest common divisor of 2434 and 315726310.
2434
Calculate the highest common divisor of 28 and 57496.
4
What is the highest common divisor of 353078124 and 12432?
3108
Calculate the greatest common factor of 1397 and 6084529.
11
Calculate the highest common divisor of 30114 and 360738.
126
Calculate the greatest common factor of 104 and 685304.
8
What is the greatest common divisor of 20488688 and 400?
16
Calculate the highest common factor of 1911462 and 1306116.
2982
Calculate the highest common divisor of 275 and 5882025.
25
Calculate the greatest common factor of 341323 and 31.
1
What is the greatest common divisor of 1559614 and 238?
238
Calculate the highest common factor of 3096342 and 2790.
558
What is the highest common factor of 3357729 and 117?
9
Calculate the highest common factor of 7391025 and 100.
25
Calculate the highest common factor of 2252401 and 24608.
769
Calculate the greatest common divisor of 406 and 135644803.
203
What is the highest common divisor of 3269 and 3042972?
467
What is the highest common factor of 1152 and 21603084?
12
What is the highest common factor of 176 and 77385664?
16
What is the highest common divisor of 936230 and 190976?
746
What is the greatest common factor of 3825250 and 9416?
2354
Calculate the greatest common divisor of 3008826 and 128043.
369
Calculate the highest common factor of 4261137 and 13407.
327
Calculate the greatest common divisor of 4618272 and 8760.
1752
What is the highest common factor of 19169792 and 2048?
512
Calculate the highest common divisor of 162 and 961650.
18
Calculate the highest common factor of 27290513 and 5149.
271
What is the highest common divisor of 689 and 205810183?
53
Calculate the highest common factor of 6215 and 8070.
5
Calculate the greatest common divisor of 793 and 610122.
61
Calculate the greatest common factor of 1376 and 16983280.
688
Calculate the greatest common factor of 9660 and 120057.
21
What is the greatest common factor of 21952 and 35060144?
112
Calculate the highest common factor of 128778984 and 162.
162
Calculate the highest common divisor of 215296006 and 698.
698
Calculate the highest common factor of 16520 and 26392352.
3304
What is the greatest common factor of 769373 and 14927?
253
What is the greatest common divisor of 247380 and 3004489?
589
Calculate the highest common divisor of 13416315 and 15.
15
What is the greatest common factor of 97600 and 89800?
200
What is the greatest common factor of 171518 and 872488?
382
Calculate the greatest common factor of 14134 and 26905979.
191
What is the highest common divisor of 3985 and 15121481?
797
Calculate the greatest common divisor of 32464854 and 270.
54
Calculate the highest common divisor of 53368 and 239624.
56
What is the highest common divisor of 178290 and 441630?
630
What is the highest common factor of 422556 and 17940?
276
Calculate the highest common divisor of 15890 and 9436390.
2270
Calculate the greatest common divisor of 119992605 and 15.
15
What is the highest common divisor of 39618 and 1145088?
1278
Calculate the greatest common factor of 70350 and 581.
7
Calculate the highest common factor of 313983 and 486852.
87
What is the greatest common divisor of 1885 and 12743470?
145
What is the highest common divisor of 28 and 24446324?
28
What is the highest common divisor of 6495 and 45675?
15
What is the highest common divisor of 1176168 and 54432?
168
Calculate the highest common divisor of 3509 and 312422.
121
Calculate the highest common factor of 256 and 251782912.
256
What is the greatest common divisor of 752776155 and 3015?
3015
What is the highest common divisor of 49838776 and 1014?
338
Calculate the highest common divisor of 6289263 and 9.
9
What is the greatest common factor of 22632508 and 204?
6